[INFO] cloning repository https://github.com/88IO/snipers
[INFO] running `Command { std: "git" "-c" "credential.helper=" "-c" "credential.helper=/workspace/cargo-home/bin/git-credential-null" "clone" "--bare" "https://github.com/88IO/snipers" "/workspace/cache/git-repos/https%3A%2F%2Fgithub.com%2F88IO%2Fsnipers", kill_on_drop: false }`
[INFO] [stderr] Cloning into bare repository '/workspace/cache/git-repos/https%3A%2F%2Fgithub.com%2F88IO%2Fsnipers'...
[INFO] running `Command { std: "git" "rev-parse" "HEAD", kill_on_drop: false }`
[INFO] [stdout] 55a483e3f1fc33dac447a899d1e13f5faa0b121c
[INFO] checking 88IO/snipers against master#9610dfe5a9a731ced1ea4923ecbd0c57fe367898 for beta-170-4
[INFO] running `Command { std: "git" "clone" "/workspace/cache/git-repos/https%3A%2F%2Fgithub.com%2F88IO%2Fsnipers" "/workspace/builds/worker-7-tc1/source", kill_on_drop: false }`
[INFO] [stderr] Cloning into '/workspace/builds/worker-7-tc1/source'...
[INFO] [stderr] done.
[INFO] validating manifest of git repo https://github.com/88IO/snipers on toolchain 9610dfe5a9a731ced1ea4923ecbd0c57fe367898
[INFO] running `Command { std: CARGO_HOME="/workspace/cargo-home" RUSTUP_HOME="/workspace/rustup-home" "/workspace/cargo-home/bin/cargo" "+9610dfe5a9a731ced1ea4923ecbd0c57fe367898" "metadata" "--manifest-path" "Cargo.toml" "--no-deps", kill_on_drop: false }`
[INFO] started tweaking git repo https://github.com/88IO/snipers
[INFO] finished tweaking git repo https://github.com/88IO/snipers
[INFO] tweaked toml for git repo https://github.com/88IO/snipers written to /workspace/builds/worker-7-tc1/source/Cargo.toml
[INFO] crate git repo https://github.com/88IO/snipers already has a lockfile, it will not be regenerated
[INFO] running `Command { std: CARGO_HOME="/workspace/cargo-home" RUSTUP_HOME="/workspace/rustup-home" "/workspace/cargo-home/bin/cargo" "+9610dfe5a9a731ced1ea4923ecbd0c57fe367898" "fetch" "--manifest-path" "Cargo.toml", kill_on_drop: false }`
[INFO] [stderr]     Updating crates.io index
[INFO] [stderr]  Downloading crates ...
[INFO] [stderr]   Downloaded typemap_rev v0.1.5
[INFO] [stderr]   Downloaded serenity v0.11.5
[INFO] running `Command { std: "docker" "create" "-v" "/var/lib/crater-agent-workspace/builds/worker-7-tc1/target:/opt/rustwide/target:rw,Z" "-v" "/var/lib/crater-agent-workspace/builds/worker-7-tc1/source:/opt/rustwide/workdir:ro,Z" "-v" "/var/lib/crater-agent-workspace/cargo-home:/opt/rustwide/cargo-home:ro,Z" "-v" "/var/lib/crater-agent-workspace/rustup-home:/opt/rustwide/rustup-home:ro,Z" "-e" "SOURCE_DIR=/opt/rustwide/workdir" "-e" "CARGO_TARGET_DIR=/opt/rustwide/target" "-e" "CARGO_HOME=/opt/rustwide/cargo-home" "-e" "RUSTUP_HOME=/opt/rustwide/rustup-home" "-w" "/opt/rustwide/workdir" "-m" "1610612736" "--user" "0:0" "--network" "none" "ghcr.io/rust-lang/crates-build-env/linux@sha256:19e73879b68f455e41552ea35293514db52ea292d993f571636dbffedb77a1ee" "/opt/rustwide/cargo-home/bin/cargo" "+9610dfe5a9a731ced1ea4923ecbd0c57fe367898" "metadata" "--no-deps" "--format-version=1", kill_on_drop: false }`
[INFO] [stdout] 892f082d855e7cdf26f611db308d7c6057cd5b88c1e0f86c69b32287b29ebee3
[INFO] running `Command { std: "docker" "start" "-a" "892f082d855e7cdf26f611db308d7c6057cd5b88c1e0f86c69b32287b29ebee3", kill_on_drop: false }`
[INFO] running `Command { std: "docker" "inspect" "892f082d855e7cdf26f611db308d7c6057cd5b88c1e0f86c69b32287b29ebee3", kill_on_drop: false }`
[INFO] running `Command { std: "docker" "rm" "-f" "892f082d855e7cdf26f611db308d7c6057cd5b88c1e0f86c69b32287b29ebee3", kill_on_drop: false }`
[INFO] [stdout] 892f082d855e7cdf26f611db308d7c6057cd5b88c1e0f86c69b32287b29ebee3
[INFO] running `Command { std: "docker" "create" "-v" "/var/lib/crater-agent-workspace/builds/worker-7-tc1/target:/opt/rustwide/target:rw,Z" "-v" "/var/lib/crater-agent-workspace/builds/worker-7-tc1/source:/opt/rustwide/workdir:ro,Z" "-v" "/var/lib/crater-agent-workspace/cargo-home:/opt/rustwide/cargo-home:ro,Z" "-v" "/var/lib/crater-agent-workspace/rustup-home:/opt/rustwide/rustup-home:ro,Z" "-e" "SOURCE_DIR=/opt/rustwide/workdir" "-e" "CARGO_TARGET_DIR=/opt/rustwide/target" "-e" "CARGO_INCREMENTAL=0" "-e" "RUST_BACKTRACE=full" "-e" "RUSTFLAGS=--cap-lints=forbid" "-e" "RUSTDOCFLAGS=--cap-lints=forbid" "-e" "CARGO_HOME=/opt/rustwide/cargo-home" "-e" "RUSTUP_HOME=/opt/rustwide/rustup-home" "-w" "/opt/rustwide/workdir" "-m" "1610612736" "--user" "0:0" "--network" "none" "ghcr.io/rust-lang/crates-build-env/linux@sha256:19e73879b68f455e41552ea35293514db52ea292d993f571636dbffedb77a1ee" "/opt/rustwide/cargo-home/bin/cargo" "+9610dfe5a9a731ced1ea4923ecbd0c57fe367898" "check" "--frozen" "--all" "--all-targets" "--message-format=json", kill_on_drop: false }`
[INFO] [stdout] c6a7935b100b028f0ac02e6867599948b7f2a477e1c6c8c9ad3b950ebe97f5ef
[INFO] running `Command { std: "docker" "start" "-a" "c6a7935b100b028f0ac02e6867599948b7f2a477e1c6c8c9ad3b950ebe97f5ef", kill_on_drop: false }`
[INFO] [stderr]    Compiling proc-macro2 v1.0.51
[INFO] [stderr]    Compiling quote v1.0.23
[INFO] [stderr]    Compiling syn v1.0.107
[INFO] [stderr]    Compiling ring v0.16.20
[INFO] [stderr]    Compiling futures-core v0.3.26
[INFO] [stderr]    Compiling libc v0.2.139
[INFO] [stderr]    Compiling slab v0.4.7
[INFO] [stderr]    Compiling futures-task v0.3.26
[INFO] [stderr]    Compiling serde v1.0.152
[INFO] [stderr]     Checking parking_lot_core v0.9.7
[INFO] [stderr]    Compiling tokio v1.25.0
[INFO] [stderr]     Checking mio v0.8.6
[INFO] [stderr]     Checking socket2 v0.4.7
[INFO] [stderr]     Checking parking_lot v0.12.1
[INFO] [stderr]     Checking futures-sink v0.3.26
[INFO] [stderr]    Compiling futures-channel v0.3.26
[INFO] [stderr]    Compiling once_cell v1.17.1
[INFO] [stderr]    Compiling futures-util v0.3.26
[INFO] [stderr]     Checking getrandom v0.2.8
[INFO] [stderr]     Checking futures-io v0.3.26
[INFO] [stderr]    Compiling parking_lot_core v0.8.6
[INFO] [stderr]     Checking generic-array v0.14.6
[INFO] [stderr]    Compiling spin v0.5.2
[INFO] [stderr]    Compiling untrusted v0.7.1
[INFO] [stderr]    Compiling log v0.4.17
[INFO] [stderr]    Compiling memchr v2.5.0
[INFO] [stderr]    Compiling indexmap v1.9.2
[INFO] [stderr]    Compiling crossbeam-utils v0.8.14
[INFO] [stderr]     Checking unicode-bidi v0.3.10
[INFO] [stderr]    Compiling pin-project-lite v0.2.9
[INFO] [stderr]     Checking crypto-common v0.1.6
[INFO] [stderr]     Checking block-buffer v0.10.3
[INFO] [stderr]     Checking http v0.2.9
[INFO] [stderr]    Compiling unicase v2.6.0
[INFO] [stderr]    Compiling tinyvec_macros v0.1.1
[INFO] [stderr]    Compiling pkg-config v0.3.26
[INFO] [stderr]    Compiling scopeguard v1.1.0
[INFO] [stderr]    Compiling rustls v0.20.8
[INFO] [stderr]    Compiling vcpkg v0.2.15
[INFO] [stderr]    Compiling lock_api v0.4.9
[INFO] [stderr]     Checking digest v0.10.6
[INFO] [stderr]    Compiling tinyvec v1.6.0
[INFO] [stderr]    Compiling libsqlite3-sys v0.24.2
[INFO] [stderr]     Checking idna v0.3.0
[INFO] [stderr]     Checking webpki v0.22.0
[INFO] [stderr]     Checking sct v0.7.0
[INFO] [stderr]    Compiling num_cpus v1.15.0
[INFO] [stderr]    Compiling webpki v0.21.4
[INFO] [stderr]     Checking tracing-core v0.1.30
[INFO] [stderr]    Compiling serde_json v1.0.93
[INFO] [stderr]    Compiling bytes v1.4.0
[INFO] [stderr]    Compiling crossbeam-queue v0.3.8
[INFO] [stderr]    Compiling sct v0.6.1
[INFO] [stderr]    Compiling unicode-normalization v0.1.22
[INFO] [stderr]    Compiling num-traits v0.2.15
[INFO] [stderr]    Compiling instant v0.1.12
[INFO] [stderr]    Compiling paste v1.0.11
[INFO] [stderr]    Compiling smallvec v1.10.0
[INFO] [stderr]    Compiling base64 v0.13.1
[INFO] [stderr]    Compiling ahash v0.7.6
[INFO] [stderr]    Compiling rustls v0.19.1
[INFO] [stderr]     Checking rand_core v0.6.4
[INFO] [stderr]    Compiling pin-utils v0.1.0
[INFO] [stderr]    Compiling percent-encoding v2.2.0
[INFO] [stderr]    Compiling nom v7.1.3
[INFO] [stderr]    Compiling form_urlencoded v1.1.0
[INFO] [stderr]     Checking rand_chacha v0.3.1
[INFO] [stderr]     Checking want v0.3.0
[INFO] [stderr]    Compiling mime_guess v2.0.4
[INFO] [stderr]    Compiling serde_derive v1.0.152
[INFO] [stderr]    Compiling tokio-macros v1.8.2
[INFO] [stderr]    Compiling thiserror-impl v1.0.38
[INFO] [stderr]    Compiling pin-project-internal v1.0.12
[INFO] [stderr]    Compiling tracing-attributes v0.1.23
[INFO] [stderr]    Compiling tokio-rustls v0.22.0
[INFO] [stderr]    Compiling hashbrown v0.11.2
[INFO] [stderr]     Checking thiserror v1.0.38
[INFO] [stderr]    Compiling parking_lot v0.11.2
[INFO] [stderr]    Compiling pin-project v1.0.12
[INFO] [stderr]    Compiling num-integer v0.1.45
[INFO] [stderr]    Compiling spin v0.9.5
[INFO] [stderr]     Checking http-body v0.4.5
[INFO] [stderr]     Checking tracing v0.1.37
[INFO] [stderr]    Compiling iana-time-zone v0.1.53
[INFO] [stderr]    Compiling cpufeatures v0.2.5
[INFO] [stderr]    Compiling crc-catalog v1.1.1
[INFO] [stderr]    Compiling itoa v1.0.5
[INFO] [stderr]    Compiling crc32fast v1.3.2
[INFO] [stderr]    Compiling unicode_categories v0.1.1
[INFO] [stderr]    Compiling crc v2.1.0
[INFO] [stderr]    Compiling url v2.3.1
[INFO] [stderr]    Compiling sha2 v0.10.6
[INFO] [stderr]     Checking tokio-util v0.7.7
[INFO] [stderr]     Checking tokio-rustls v0.23.4
[INFO] [stderr]    Compiling chrono v0.4.23
[INFO] [stderr]    Compiling flume v0.10.14
[INFO] [stderr]    Compiling hashlink v0.7.0
[INFO] [stderr]    Compiling futures-intrusive v0.4.2
[INFO] [stderr]    Compiling sqlx-rt v0.5.13
[INFO] [stderr]     Checking h2 v0.3.15
[INFO] [stderr]    Compiling futures-executor v0.3.26
[INFO] [stderr]    Compiling tokio-stream v0.1.11
[INFO] [stderr]     Checking rand v0.8.5
[INFO] [stderr]    Compiling atoi v0.4.0
[INFO] [stderr]    Compiling stringprep v0.1.2
[INFO] [stderr]     Checking sha-1 v0.10.1
[INFO] [stderr]    Compiling webpki-roots v0.21.1
[INFO] [stderr]     Checking webpki-roots v0.22.6
[INFO] [stderr]     Checking time v0.1.45
[INFO] [stderr]    Compiling rustversion v1.0.11
[INFO] [stderr]     Checking mime v0.3.16
[INFO] [stderr]    Compiling unicode-segmentation v1.10.1
[INFO] [stderr]    Compiling ryu v1.0.12
[INFO] [stderr]    Compiling async-trait v0.1.64
[INFO] [stderr]     Checking utf-8 v0.7.6
[INFO] [stderr]    Compiling hex v0.4.3
[INFO] [stderr]    Compiling event-listener v2.5.3
[INFO] [stderr]    Compiling byteorder v1.4.3
[INFO] [stderr]     Checking base64 v0.21.0
[INFO] [stderr]    Compiling bitflags v1.3.2
[INFO] [stderr]    Compiling heck v0.4.1
[INFO] [stderr]     Checking rustls-pemfile v1.0.2
[INFO] [stderr]     Checking miniz_oxide v0.6.2
[INFO] [stderr]     Checking ordered-float v2.10.0
[INFO] [stderr]    Compiling serenity v0.11.5
[INFO] [stderr]     Checking ipnet v2.7.1
[INFO] [stderr]    Compiling dotenv v0.15.0
[INFO] [stderr]     Checking either v1.8.1
[INFO] [stderr]     Checking itertools v0.10.5
[INFO] [stderr]     Checking serde_urlencoded v0.7.1
[INFO] [stderr]     Checking time v0.3.19
[INFO] [stderr]     Checking tungstenite v0.17.3
[INFO] [stderr]     Checking serde-value v0.7.0
[INFO] [stderr]     Checking hyper v0.14.24
[INFO] [stderr]     Checking dashmap v5.4.0
[INFO] [stderr]     Checking flate2 v1.0.25
[INFO] [stderr]     Checking async-tungstenite v0.17.2
[INFO] [stderr]     Checking futures v0.3.26
[INFO] [stderr]     Checking sqlformat v0.1.8
[INFO] [stderr]     Checking aho-corasick v0.7.20
[INFO] [stderr]     Checking typemap_rev v0.1.5
[INFO] [stderr]     Checking regex-syntax v0.6.28
[INFO] [stderr]     Checking sqlx-core v0.5.13
[INFO] [stderr]     Checking regex v1.7.1
[INFO] [stderr]     Checking hyper-rustls v0.23.2
[INFO] [stderr]     Checking reqwest v0.11.14
[INFO] [stderr]    Compiling sqlx-macros v0.5.13
[INFO] [stderr]     Checking sqlx v0.5.13
[INFO] [stderr]     Checking snipe v0.1.0 (/opt/rustwide/workdir)
[INFO] [stdout] warning: use of deprecated associated function `chrono::Utc::today`: use `Utc::now()` instead, potentially with `.date_naive()`
[INFO] [stdout]   --> examples/date.rs:10:18
[INFO] [stdout]    |
[INFO] [stdout] 10 |     let a = Utc::today()
[INFO] [stdout]    |                  ^^^^^
[INFO] [stdout]    |
[INFO] [stdout]    = note: `#[warn(deprecated)]` on by default
[INFO] [stdout] 
[INFO] [stdout] 
[INFO] [stdout] warning: 1 warning emitted
[INFO] [stdout] 
[INFO] [stdout] 
[INFO] [stdout] error[E0308]: mismatched types
[INFO] [stdout]   --> examples/en.rs:17:13
[INFO] [stdout]    |
[INFO] [stdout] 16 |         match s {
[INFO] [stdout]    |               - this expression has type `&String`
[INFO] [stdout] 17 |             "A" => println!(""),
[INFO] [stdout]    |             ^^^ expected `&String`, found `&str`
[INFO] [stdout]    |
[INFO] [stdout]    = note: expected reference `&String`
[INFO] [stdout]               found reference `&'static str`
[INFO] [stdout] 
[INFO] [stdout] 
[INFO] [stdout] error[E0308]: mismatched types
[INFO] [stdout]   --> examples/en.rs:18:13
[INFO] [stdout]    |
[INFO] [stdout] 16 |         match s {
[INFO] [stdout]    |               - this expression has type `&String`
[INFO] [stdout] 17 |             "A" => println!(""),
[INFO] [stdout] 18 |             "B" => println!(""),
[INFO] [stdout]    |             ^^^ expected `&String`, found `&str`
[INFO] [stdout]    |
[INFO] [stdout]    = note: expected reference `&String`
[INFO] [stdout]               found reference `&'static str`
[INFO] [stdout] 
[INFO] [stdout] 
[INFO] [stdout] error[E0308]: mismatched types
[INFO] [stdout]   --> examples/en.rs:36:13
[INFO] [stdout]    |
[INFO] [stdout] 35 |         match s {
[INFO] [stdout]    |               - this expression has type `&String`
[INFO] [stdout] 36 |             "A" => println!(""),
[INFO] [stdout]    |             ^^^ expected `&String`, found `&str`
[INFO] [stdout]    |
[INFO] [stdout]    = note: expected reference `&String`
[INFO] [stdout]               found reference `&'static str`
[INFO] [stdout] 
[INFO] [stdout] 
[INFO] [stdout] error[E0308]: mismatched types
[INFO] [stdout]   --> examples/en.rs:37:13
[INFO] [stdout]    |
[INFO] [stdout] 35 |         match s {
[INFO] [stdout]    |               - this expression has type `&String`
[INFO] [stdout] 36 |             "A" => println!(""),
[INFO] [stdout] 37 |             "B" => println!(""),
[INFO] [stdout]    |             ^^^ expected `&String`, found `&str`
[INFO] [stdout]    |
[INFO] [stdout]    = note: expected reference `&String`
[INFO] [stdout]               found reference `&'static str`
[INFO] [stdout] 
[INFO] [stdout] 
[INFO] [stdout] error: aborting due to 4 previous errors
[INFO] [stdout] 
[INFO] [stdout] 
[INFO] [stdout] For more information about this error, try `rustc --explain E0308`.
[INFO] [stdout] 
[INFO] [stderr] error: could not compile `snipe` (example "en") due to 5 previous errors
[INFO] [stdout] error[E0432]: unresolved import `uuid`
[INFO] [stdout]  --> examples/tokio_demo.rs:5:5
[INFO] [stdout]   |
[INFO] [stdout] 5 | use uuid::Uuid;
[INFO] [stdout]   |     ^^^^ use of undeclared crate or module `uuid`
[INFO] [stdout] 
[INFO] [stdout] 
[INFO] [stderr] warning: build failed, waiting for other jobs to finish...
[INFO] [stdout] error: failed to find data for query DELETE FROM job WHERE naive_utc >= CURRENT_TIMESTAMP RETURNING naive_utc, user_id, guild_id, event_type as "event_type!: EventType", utc_offset
[INFO] [stdout]   --> examples/sqlite.rs:48:17
[INFO] [stdout]    |
[INFO] [stdout] 48 |       let entry = sqlx::query_as!(
[INFO] [stdout]    |  _________________^
[INFO] [stdout] 49 | |         User,
[INFO] [stdout] 50 | |         r#"DELETE FROM job WHERE naive_utc >= CURRENT_TIMESTAMP RETURNING naive_utc, user_id, guild_id, event_type as "event_type!: Event...
[INFO] [stdout] 51 | |         )
[INFO] [stdout]    | |_________^
[INFO] [stdout]    |
[INFO] [stdout]    = note: this error originates in the macro `$crate::sqlx_macros::expand_query` which comes from the expansion of the macro `sqlx::query_as` (in Nightly builds, run with -Z macro-backtrace for more info)
[INFO] [stdout] 
[INFO] [stdout] 
[INFO] [stdout] warning: unused imports: `GuildId`, `UserId`
[INFO] [stdout]  --> examples/sqlite.rs:2:27
[INFO] [stdout]   |
[INFO] [stdout] 2 | use serenity::model::id::{UserId, GuildId};
[INFO] [stdout]   |                           ^^^^^^  ^^^^^^^
[INFO] [stdout]   |
[INFO] [stdout]   = note: `#[warn(unused_imports)]` on by default
[INFO] [stdout] 
[INFO] [stdout] 
[INFO] [stdout] warning: use of deprecated associated function `chrono::FixedOffset::east`: use `east_opt()` instead
[INFO] [stdout]   --> examples/scheduler.rs:68:31
[INFO] [stdout]    |
[INFO] [stdout] 68 |     let offset = FixedOffset::east(3600 * 9);
[INFO] [stdout]    |                               ^^^^
[INFO] [stdout]    |
[INFO] [stdout]    = note: `#[warn(deprecated)]` on by default
[INFO] [stdout] 
[INFO] [stdout] 
[INFO] [stdout] warning: use of deprecated associated function `chrono::FixedOffset::east`: use `east_opt()` instead
[INFO] [stdout]   --> examples/scheduler.rs:73:52
[INFO] [stdout]    |
[INFO] [stdout] 73 |     let c = Utc::now().with_timezone(&FixedOffset::east(3600));
[INFO] [stdout]    |                                                    ^^^^
[INFO] [stdout] 
[INFO] [stdout] 
[INFO] [stdout] warning: use of deprecated associated function `chrono::FixedOffset::east`: use `east_opt()` instead
[INFO] [stdout]   --> examples/scheduler.rs:76:45
[INFO] [stdout]    |
[INFO] [stdout] 76 |     let bb = bb.with_timezone(&FixedOffset::east(0));
[INFO] [stdout]    |                                             ^^^^
[INFO] [stdout] 
[INFO] [stdout] 
[INFO] [stdout] warning: use of deprecated associated function `chrono::FixedOffset::east`: use `east_opt()` instead
[INFO] [stdout]   --> examples/scheduler.rs:88:52
[INFO] [stdout]    |
[INFO] [stdout] 88 |     let d = Utc::now().with_timezone(&FixedOffset::east(3600));
[INFO] [stdout]    |                                                    ^^^^
[INFO] [stdout] 
[INFO] [stdout] 
[INFO] [stdout] warning: field `timezone` is never read
[INFO] [stdout]   --> examples/scheduler.rs:16:5
[INFO] [stdout]    |
[INFO] [stdout] 13 | pub struct Job {
[INFO] [stdout]    |            --- field in this struct
[INFO] [stdout] ...
[INFO] [stdout] 16 |     timezone: FixedOffset
[INFO] [stdout]    |     ^^^^^^^^
[INFO] [stdout]    |
[INFO] [stdout]    = note: `#[warn(dead_code)]` on by default
[INFO] [stdout] 
[INFO] [stdout] 
[INFO] [stdout] warning: associated function `new` is never used
[INFO] [stdout]   --> examples/scheduler.rs:36:8
[INFO] [stdout]    |
[INFO] [stdout] 35 | impl Job {
[INFO] [stdout]    | -------- associated function in this implementation
[INFO] [stdout] 36 |     fn new(member: Member, event_type: EventType, timezone: FixedOffset) -> Self {
[INFO] [stdout]    |        ^^^
[INFO] [stdout] 
[INFO] [stdout] 
[INFO] [stdout] warning: struct `Setting` is never constructed
[INFO] [stdout]   --> examples/scheduler.rs:41:8
[INFO] [stdout]    |
[INFO] [stdout] 41 | struct Setting {
[INFO] [stdout]    |        ^^^^^^^
[INFO] [stdout] 
[INFO] [stdout] 
[INFO] [stdout] warning: struct `Scheduler` is never constructed
[INFO] [stdout]   --> examples/scheduler.rs:45:8
[INFO] [stdout]    |
[INFO] [stdout] 45 | struct Scheduler {
[INFO] [stdout]    |        ^^^^^^^^^
[INFO] [stdout] 
[INFO] [stdout] 
[INFO] [stdout] warning: associated items `new`, `add`, and `run_pending` are never used
[INFO] [stdout]   --> examples/scheduler.rs:51:8
[INFO] [stdout]    |
[INFO] [stdout] 50 | impl Scheduler {
[INFO] [stdout]    | -------------- associated items in this implementation
[INFO] [stdout] 51 |     fn new() -> Self {
[INFO] [stdout]    |        ^^^
[INFO] [stdout] ...
[INFO] [stdout] 57 |     fn add(&mut self, datetime: DateTime<FixedOffset>, member: Member, event_type: EventType) -> bool {
[INFO] [stdout]    |        ^^^
[INFO] [stdout] ...
[INFO] [stdout] 61 |     fn run_pending(&mut self) {
[INFO] [stdout]    |        ^^^^^^^^^^^
[INFO] [stdout] 
[INFO] [stdout] 
[INFO] [stdout] error: aborting due to previous error
[INFO] [stdout] 
[INFO] [stdout] 
[INFO] [stdout] For more information about this error, try `rustc --explain E0432`.
[INFO] [stdout] 
[INFO] [stderr] error: could not compile `snipe` (example "tokio_demo") due to 2 previous errors
[INFO] [stdout] warning: 9 warnings emitted
[INFO] [stdout] 
[INFO] [stdout] 
[INFO] [stdout] warning: use of deprecated associated function `chrono::NaiveDateTime::from_timestamp`: use `from_timestamp_opt()` instead
[INFO] [stdout]   --> examples/sqlite.rs:37:30
[INFO] [stdout]    |
[INFO] [stdout] 37 |     let now = NaiveDateTime::from_timestamp(10000,100);
[INFO] [stdout]    |                              ^^^^^^^^^^^^^^
[INFO] [stdout]    |
[INFO] [stdout]    = note: `#[warn(deprecated)]` on by default
[INFO] [stdout] 
[INFO] [stdout] 
[INFO] [stdout] error: aborting due to previous error; 2 warnings emitted
[INFO] [stdout] 
[INFO] [stdout] 
[INFO] [stderr] error: could not compile `snipe` (example "sqlite") due to 2 previous errors; 2 warnings emitted
[INFO] running `Command { std: "docker" "inspect" "c6a7935b100b028f0ac02e6867599948b7f2a477e1c6c8c9ad3b950ebe97f5ef", kill_on_drop: false }`
[INFO] running `Command { std: "docker" "rm" "-f" "c6a7935b100b028f0ac02e6867599948b7f2a477e1c6c8c9ad3b950ebe97f5ef", kill_on_drop: false }`
[INFO] [stdout] c6a7935b100b028f0ac02e6867599948b7f2a477e1c6c8c9ad3b950ebe97f5ef
